{"id":36,"date":"2022-02-01T12:35:09","date_gmt":"2022-02-01T11:35:09","guid":{"rendered":"https:\/\/www.atelier.unina.it\/?page_id=36"},"modified":"2022-05-13T00:09:23","modified_gmt":"2022-05-12T22:09:23","slug":"bibliografia","status":"publish","type":"page","link":"https:\/\/www.atelier.unina.it\/index.php\/bibliografia\/","title":{"rendered":"Principali riferimenti bibliografici"},"content":{"rendered":"\n<figure class=\"wp-duotone-rgb000-rgba128128128015-1 wp-block-image size-full\"><img loading=\"lazy\" width=\"2560\" height=\"1920\" src=\"https:\/\/www.atelier.unina.it\/wp-content\/uploads\/2022\/02\/IMG_9004-scaled.jpg\" alt=\"\" class=\"wp-image-114\" srcset=\"https:\/\/www.atelier.unina.it\/wp-content\/uploads\/2022\/02\/IMG_9004-scaled.jpg 2560w, https:\/\/www.atelier.unina.it\/wp-content\/uploads\/2022\/02\/IMG_9004-300x225.jpg 300w, https:\/\/www.atelier.unina.it\/wp-content\/uploads\/2022\/02\/IMG_9004-1024x768.jpg 1024w, https:\/\/www.atelier.unina.it\/wp-content\/uploads\/2022\/02\/IMG_9004-768x576.jpg 768w, https:\/\/www.atelier.unina.it\/wp-content\/uploads\/2022\/02\/IMG_9004-1536x1152.jpg 1536w, https:\/\/www.atelier.unina.it\/wp-content\/uploads\/2022\/02\/IMG_9004-2048x1536.jpg 2048w, https:\/\/www.atelier.unina.it\/wp-content\/uploads\/2022\/02\/IMG_9004-620x465.jpg 620w\" sizes=\"(max-width: 2560px) 100vw, 2560px\" \/><\/figure>\n\n\n\n<p style=\"font-size:17px;font-style:normal;font-weight:500\">ARTHUR 1987 = P. Arthur,&nbsp;<em>Produzione ceramica e Agro Falerno<\/em>, in G. Guadagno (cur.),&nbsp;<em>Storia, economia ed architettura nell\u2019Ager Falernus, Atti delle giornate di studio (febbraio-marzo 1986)<\/em>, Minturno 1987, pp. 59-68.<\/p>\n\n\n\n<p style=\"font-size:17px;font-style:normal;font-weight:500\">ARTHUR 2007 = P. Arthur,&nbsp;<em>Pots and boundaries on cultural and eco\u00adnomic areas between late Antiquity and the early Mid\u00addle Ages<\/em>, in M. Bonifay, J.-C. Tr\u00e9glia (eds.),&nbsp;<em>LRCW 2. Late Roman Coarse Wares, Cooking Wares and Amphorae in the Mediterranean- Archaeology and Archaeometry<\/em>, BAR IS 1662, Oxford 2007, pp. 15-27.<\/p>\n\n\n\n<p style=\"font-size:17px;font-style:normal;font-weight:500\">BEHRENDS 1981 = O. Behrends,&nbsp;<em>Die Rechtsformen des r\u00f6mischen Handwerks<\/em>, in H. Jahnkuhn&nbsp;<em>et al.<\/em>&nbsp;(Hg.),&nbsp;<em>Das Handwerk in vor- und fr\u00fchgeschichtlicher Zeit I<\/em>, G\u00f6ttingen 1981, pp. 141-203.<\/p>\n\n\n\n<p style=\"font-size:17px;font-style:normal;font-weight:500\">BONIFAY 2004= M. Bonifay,&nbsp;<em>\u00c9tudes sur la c\u00e9ramique romaine tardive d\u2019Afrique<\/em>, BAR IS 1301, Oxford 2004.<\/p>\n\n\n\n<p style=\"font-size:17px;font-style:normal;font-weight:500\">BONIFAY 2017<strong>&nbsp;=&nbsp;<\/strong>M. Bonifay,&nbsp;<em>The distribution of the African Pottery under the Roman Empire<\/em>, in A. Wilson, A. Bowman (eds.),&nbsp;<em>Trade, Commerce, and the State in the Roman World<\/em>, Oxford 2017, pp. 327-351.<\/p>\n\n\n\n<p style=\"font-size:17px;font-style:normal;font-weight:500\">BOWMAN \u2013 WILSON 2007 = A. Bowman, A. Wilson (eds.),&nbsp;<em>Quantifying Roman Economy.&nbsp;<\/em><em>Methods and Problems<\/em>, Oxford 2007.<\/p>\n\n\n\n<p style=\"font-size:17px;font-style:normal;font-weight:500\">BRUUN 2005 = C. Bruun (cur.),&nbsp;<em>Interpretare i bolli laterizi di Roma e della Valle del Tevere: produzione, storia economica e topografia<\/em>, Roma 2005.<\/p>\n\n\n\n<p style=\"font-size:17px;font-style:normal;font-weight:500\">B\u00dcRGIN 1984 = P. B\u00fcrgin,&nbsp;<em>Figuli im r\u00f6mischen Recht<\/em>, in&nbsp;<em>ReCretRomFautActa<\/em>, XXIII-XXIV, 1984, pp. 123-127.<\/p>\n\n\n\n<p style=\"font-size:17px;font-style:normal;font-weight:500\">CARANDINI 1983 = A. Carandini,&nbsp;<em>Pottery and the African economy<\/em>, in P. Garnsey, C. R. Whittaker (eds.),&nbsp;<em>Trade and Famine in Classical Antiquity<\/em>, Cambridge 1983, pp. 45-62.<\/p>\n\n\n\n<p style=\"font-size:17px;font-style:normal;font-weight:500\">CAMODECA 1992 = G. Camodeca,&nbsp;<em>Per una storia economica e sociale di Puteoli<\/em>, inM. Gigante (cur.),&nbsp;<em>Civilt\u00e0 dei Campi Flegrei<\/em>, Napoli 1992, pp. 139-172.<\/p>\n\n\n\n<p style=\"font-size:17px;font-style:normal;font-weight:500\">CAPOGROSSI COLOGNESI 1981 = L. Capogrossi Colognesi,&nbsp;<em>Propriet\u00e0 agraria e lavoro subordinato nei giuristi e negli agronomi latini tra Repubblica e Principato<\/em>, in A. Giardina, A Schiavone (a cura di),&nbsp;<em>Societ\u00e0 romana<\/em>&nbsp;<em>e produzione schiavistica<\/em>, I,&nbsp;<em>L\u2019Italia: insediamenti e forme economiche<\/em>, Roma-Bari, 1981, p. 445-454.<\/p>\n\n\n\n<p style=\"font-size:17px;font-style:normal;font-weight:500\">CERAMI \u2013 PETRUCCI 2010 = P. Cerami, A. Petrucci,&nbsp;<em>Diritto commerciale romano. Profilo storico<\/em><sup>3<\/sup>, Torino 2010.<\/p>\n\n\n\n<p style=\"font-size:17px;font-style:normal;font-weight:500\">CHIOSI 1996<strong>&nbsp;=&nbsp;<\/strong>E. Chiosi,&nbsp;<em>Cuma: una produzione di ceramica a vernice rossa interna<\/em>, in M. Bats (cur.),&nbsp;<em>Les c\u00e9ramiques communes de Campanie et de Narbonnaise (Ier s. av.J.-C. \u2013 IIe s.ap. J.-C.).&nbsp;<\/em><em>Le vaisselle de cuisine et de table<\/em>, Naples 1996, pp. 225-233.<\/p>\n\n\n\n<p style=\"font-size:17px;font-style:normal;font-weight:500\">D\u2019ARMS 2003 = J. D\u2019Arms,&nbsp;<em>Romans on the Bay of Naples and other Essays on Roman Campania<\/em>&nbsp;(edited by F. Zevi), Bari 2003.<\/p>\n\n\n\n<p style=\"font-size:17px;font-style:normal;font-weight:500\">DE BONIS&nbsp;<em>et alii&nbsp;<\/em>2009 = E. De Bonis, L. Cavassa, C. Grifa, A. Langella, V. Morra,&nbsp;<em>Le ceramiche comuni di Cuma<\/em>, in M. Pasqualini (cur.),&nbsp;<em>Les c\u00e9ramiques communes de Campanie et de Narbonnaise. Structures de production, typologies et contextes in\u00e9dits. IIe s. av. J.-C. \u2013 IIIe s. apr. J.-C.<\/em>, Naples 2009, pp. 309-330.<\/p>\n\n\n\n<p style=\"font-size:17px;font-style:normal;font-weight:500\">DI PORTO 1984a = A. Di Porto,&nbsp;<em>Impresa agricola ed attivit\u00e0 collegate nell\u2019economia della \u00abvilla\u00bb. Alcune tendenze organizzative<\/em>, in&nbsp;<em>Sodalitas. Scritti in onore di Antonio Guarino<\/em>, VII, Napoli 1984, pp. 3235-3277.<\/p>\n\n\n\n<p style=\"font-size:17px;font-style:normal;font-weight:500\">DI PORTO 1984b = A. Di Porto,&nbsp;<em>Impresa collettiva e schiavo \u2018manager\u2019 in Roma antica (II sec. a.C. \u2013 II sec. d.C.)<\/em>, Milano 1984.<\/p>\n\n\n\n<p style=\"font-size:17px;font-style:normal;font-weight:500\">FIORI 1999 = R. Fiori,&nbsp;<em>La definizione della locatio conductio: giurisprudenza romana e tradizione romanistica<\/em>, Napoli, 1999.<\/p>\n\n\n\n<p style=\"font-size:17px;font-style:normal;font-weight:500\">FREDERIKSEN 1981 = M.W. Frederiksen,&nbsp;<em>Puteoli e il commercio del grano in epoca romana<\/em>, in&nbsp;<em>Studi e ricerche su Puteoli romana<\/em>, Napoli 1981, pp. 5-27.<\/p>\n\n\n\n<p style=\"font-size:17px;font-style:normal;font-weight:500\">GREENE 1986 = K. Greene,&nbsp;<em>The archaeology of the Roman Economy<\/em>, London 1986.<\/p>\n\n\n\n<p style=\"font-size:17px;font-style:normal;font-weight:500\">HELEN 1975 = T. Helen,&nbsp;<em>Organization of Roman Brick Production in the First and Second Centuries A.D. An Interpretation of Roman Brick Stamps<\/em>, Helsinki 1975.<\/p>\n\n\n\n<p style=\"font-size:17px;font-style:normal;font-weight:500\">LAWINE 2020 = G.D. Merola e P. Santini (cur.),<em>&nbsp;LAWINE. Produzione, commercio e consumo del vino nel mondo antico<\/em>, Napoli 2020.<\/p>\n\n\n\n<p style=\"font-size:17px;font-style:normal;font-weight:500\">LEITCH 2011 = V. Leitch,&nbsp;<em>Location, location, location: characteriz\u00ading coastal and inland production and distribution of Roman African cooking wares<\/em>, in D. Rob\u00adinson, A. Wilson (eds.),&nbsp;<em>Maritime archaeol\u00adogy and ancient trade in the Mediterranean<\/em>, Oxford 2011, pp. 169-195.<\/p>\n\n\n\n<p style=\"font-size:17px;font-style:normal;font-weight:500\">LIGIOS 1996 = M. A. Ligios,&nbsp;<em>Interpretazione giuridica e realt\u00e0 economica dell\u2019\u00abinstrumentum fundi\u00bb tra il I sec. a.C. e il III sec. d.C.<\/em>, Napoli 1996.<\/p>\n\n\n\n<p style=\"font-size:17px;font-style:normal;font-weight:500\">LO CASCIO \u2013 STORCHI 2001 = E. Lo Cascio, A. Storchi Marino (cur.),&nbsp;<em>Modalit\u00e0 insediative e strutture agrarie nell\u2019Italia meridionale in et\u00e0 romana<\/em>, Bari 2001.<\/p>\n\n\n\n<p style=\"font-size:17px;font-style:normal;font-weight:500\">MALFITANA 2009-2012 = D. Malfitana,&nbsp;<em>Archeologia della produzione e diritto romano. Il marchio ARRETINVM: copyright, falsificazione o messaggio pubblicitario?<\/em>, in&nbsp;<em>Minima Epigraphica et Papyrologica<\/em>, 12-15, 2009-2012, pp. 201-212.<\/p>\n\n\n\n<p style=\"font-size:17px;font-style:normal;font-weight:500\">MANACORDA 1993 = D. Manacorda,&nbsp;<em>Appunti sulla bollatura in et\u00e0 romana<\/em>, in&nbsp;<em>The Inscribed Economy: Production and Distribution in the Roman Empire in the light of instrumentum domesticum<\/em>, Ann Arbor 1993, pp. 37-54.<\/p>\n\n\n\n<p style=\"font-size:17px;font-style:normal;font-weight:500\">MANACORDA 2000 = D. Manacorda,&nbsp;<em>I diversi significati dei bolli laterizi. Appunti e riflessioni<\/em>, in P. Boucheron, H. Broise, Y. Th\u00e9bert (\u00e9d.),&nbsp;<em>La brique antique et m\u00e9di\u00e9vale.&nbsp;<\/em><em>Production et commercialisation d\u2019un mat\u00e9riau. Actes du colloque de Saint-Cloud (16-18.11.1995)<\/em>, Rome 2000, pp. 127-159.<\/p>\n\n\n\n<p style=\"font-size:17px;font-style:normal;font-weight:500\">MARCONE 2005 = A. Marcone,&nbsp;<em>Riflessioni sugli aspetti giuridici dell\u2019artigianato romano<\/em>, in M. Polfer (dir.),&nbsp;<em>Artisanat et \u00e9conomie romaine: Italie et provinces occidentales de l\u2019Empire<\/em>, Montagnac 2005, pp. 7-16.<\/p>\n\n\n\n<p style=\"font-size:17px;font-style:normal;font-weight:500\">MARCONE 2016 = A. Marcone (cur.),&nbsp;<em>Storia del lavoro in Italia<\/em>, I.&nbsp;<em>L\u2019et\u00e0 romana. Liberi, semiliberi e schiavi in una societ\u00e0 premoderna<\/em>, Roma 2016.<\/p>\n\n\n\n<p style=\"font-size:17px;font-style:normal;font-weight:500\">MARCONE 2018 = A. Marcone (cur.),&nbsp;<em>Lavoro, lavoratori e dinamiche sociali a Roma antica. Persistenze e trasformazioni<\/em>&nbsp;(Roma 2018).<\/p>\n\n\n\n<p style=\"font-size:17px;font-style:normal;font-weight:500\">MOREL 1976 = J.-P. Morel,&nbsp;<em>Aspects de l\u2019artisanat dans la grande Gr\u00e9ce romaine<\/em>, in&nbsp;<em>La Magna Grecia nell\u2019et\u00e0 romana. Atti del quindicesimo Convegno di Studi sulla Magna Grecia (Taranto, 5-10 ottobre 1975)<\/em>, Napoli 1976, pp. 263-324.<\/p>\n\n\n\n<p style=\"font-size:17px;font-style:normal;font-weight:500\">MOREL 1983 = J.-P. Morel,&nbsp;<em>La c\u00e9ramique comme indice du commerce antique (r\u00e9alit\u00e9s et interpr\u00e9tations)<\/em>, in P. Garnsey, C. R. Whittaker (eds.),&nbsp;<em>Trade and Famine in classical Antiquity<\/em>, Cambridge 1983, pp. 66-74.<\/p>\n\n\n\n<p style=\"font-size:17px;font-style:normal;font-weight:500\">PANELLA 1985 = C. Panella,&nbsp;<em>I<\/em>&nbsp;<em>commerci di Roma e di Ostia in et\u00e0 imperiale (secoli I-III): le derrate alimentari<\/em>, in&nbsp;<em>Misurare<\/em>&nbsp;<em>la terra<\/em>,&nbsp;<em>Centuriazione e coloni nel mondo romano. Citt\u00e0, agricoltura, commercio: materiali da Roma e dal suburbio<\/em>, Catalogo della Mostra, Roma, aprile \u2013 giugno 1985, Modena 1985, pp. 180-189.<\/p>\n\n\n\n<p style=\"font-size:17px;font-style:normal;font-weight:500\">PANELLA 1993= C. Panella,&nbsp;<em>Merci e scambi nel Mediterraneo tardoantico<\/em>, in&nbsp;<em>Storia di Roma&nbsp;<\/em>III\/2,<em>&nbsp;L\u2019et\u00e0 Tardoantica, I luoghi e le culture<\/em>, Torino 1993, pp. 613-697.<\/p>\n\n\n\n<p style=\"font-size:17px;font-style:normal;font-weight:500\">PARKER 1992 = A.J. Parker,&nbsp;<em>Ancient Schipwrecks of the Mediterranean and the Roma Provinces<\/em>, Oxford 1992.<\/p>\n\n\n\n<p style=\"font-size:17px;font-style:normal;font-weight:500\">PUCCI 1975 = G. Pucci,&nbsp;<em>Cumanae testae<\/em>, in&nbsp;<em>PP.<\/em>, 30, 1975, pp. 368-371.<\/p>\n\n\n\n<p style=\"font-size:17px;font-style:normal;font-weight:500\">PUCCI 1981 = G. Pucci,&nbsp;<em>La ceramica italica (terra sigillata)<\/em>, in A. Giardina, A. Schiavone (cur.),&nbsp;<em>Societ\u00e0 romana e produzione schiavistica<\/em>, II,&nbsp;<em>Merci, mercanti e scambi nel Mediterraneo<\/em>, Roma-Bari 1981, pp. 99-121.<\/p>\n\n\n\n<p style=\"font-size:17px;font-style:normal;font-weight:500\">RILEY 1984 = J.A. Riley,&nbsp;<em>Pottery analysis and reconstruction of ancient exchange systems<\/em>, inS.E. van der Leeuw, A.C. Pritchard (ed.),&nbsp;<em>The many dimensions of Pottery, Ceramics in archaeology and anthropology<\/em>, Amsterdam 1984, pp. 55-78.<\/p>\n\n\n\n<p style=\"font-size:17px;font-style:normal;font-weight:500\">RIZZO 2016 = G. Rizzo,&nbsp;<em>Archeologia, cultura materiale e storia: alcune riflessioni<\/em>, in A.F. Ferrandes, G. Pardini (cur.),&nbsp;<em>Le regole del gioco.&nbsp;<\/em><em>Tracce, archeologi, racconti.&nbsp;<\/em><em>Studi in onore di Clementina Panella<\/em>, LTUR suppl. VI, Roma 2016, pp. 129-145.<\/p>\n\n\n\n<p style=\"font-size:17px;font-style:normal;font-weight:500\">ROUGE 1966 = J. Roug\u00e9,&nbsp;<em>Recherches sur l\u2019organisation du commerce maritime en M\u00e9diterran\u00e9e sous l\u2019Empire romain<\/em>, Paris 1966.<\/p>\n\n\n\n<p style=\"font-size:17px;font-style:normal;font-weight:500\">STEINBY 1993 = E.M. Steinby,&nbsp;<em>L\u2019organizzazione produttiva dei laterizi: un modello interpretativo per l\u2019instrumentum in genere?<\/em>, in W.V. Harris (ed.),&nbsp;<em>The Inscribed Economy.&nbsp;<\/em><em>Production and Distribution in the Roman Empire in the light of instrumentum domesticum<\/em>, Ann Arbor 1993, pp. 139-144.<\/p>\n\n\n\n<p style=\"font-size:17px;font-style:normal;font-weight:500\">TCHERNIA 1986 = A. Tchernia,&nbsp;<em>Le vin de l\u2019Italie romaine<\/em>, Rome 1986. TCHERNIA 2011 = A. Tchernia,&nbsp;<em>Les Romains et le commerce<\/em>, Naples 2011.<\/p>\n","protected":false},"excerpt":{"rendered":"<p>ARTHUR 1987 = P. Arthur,&nbsp;Produzione ceramica e Agro Falerno, in G. Guadagno (cur.),&nbsp;Storia, economia ed architettura nell\u2019Ager Falernus, Atti delle giornate di studio (febbraio-marzo 1986), Minturno 1987, pp. 59-68. ARTHUR 2007 = P. Arthur,&nbsp;Pots and boundaries on cultural and eco\u00adnomic areas between late Antiquity and the early Mid\u00addle Ages, in M. Bonifay, J.-C. Tr\u00e9glia (eds.),&nbsp;LRCW [&hellip;]<\/p>\n","protected":false},"author":1,"featured_media":0,"parent":0,"menu_order":0,"comment_status":"closed","ping_status":"closed","template":"","meta":[],"_links":{"self":[{"href":"https:\/\/www.atelier.unina.it\/index.php\/wp-json\/wp\/v2\/pages\/36"}],"collection":[{"href":"https:\/\/www.atelier.unina.it\/index.php\/wp-json\/wp\/v2\/pages"}],"about":[{"href":"https:\/\/www.atelier.unina.it\/index.php\/wp-json\/wp\/v2\/types\/page"}],"author":[{"embeddable":true,"href":"https:\/\/www.atelier.unina.it\/index.php\/wp-json\/wp\/v2\/users\/1"}],"replies":[{"embeddable":true,"href":"https:\/\/www.atelier.unina.it\/index.php\/wp-json\/wp\/v2\/comments?post=36"}],"version-history":[{"count":8,"href":"https:\/\/www.atelier.unina.it\/index.php\/wp-json\/wp\/v2\/pages\/36\/revisions"}],"predecessor-version":[{"id":205,"href":"https:\/\/www.atelier.unina.it\/index.php\/wp-json\/wp\/v2\/pages\/36\/revisions\/205"}],"wp:attachment":[{"href":"https:\/\/www.atelier.unina.it\/index.php\/wp-json\/wp\/v2\/media?parent=36"}],"curies":[{"name":"wp","href":"https:\/\/api.w.org\/{rel}","templated":true}]}}